n divisor of 1224 and 16682508?
612
What is the greatest common factor of 1253 and 1989227?
179
Calculate the greatest common factor of 73248208 and 22306.
1174
What is the greatest common factor of 23280 and 7725?
15
What is the greatest common factor of 1094479 and 5?
1
Calculate the highest common factor of 2140 and 3942415.
535
Calculate the greatest common divisor of 945288 and 82229.
691
Calculate the highest common divisor of 532328551 and 581.
83
Calculate the greatest common divisor of 3534 and 28551558.
186
What is the highest common divisor of 281968 and 127392?
16
Calculate the highest common factor of 26631654 and 2.
2
What is the greatest common divisor of 3042224 and 535?
107
Calculate the greatest common factor of 94798 and 7223.
31
What is the highest common divisor of 10717 and 4364881?
1531
What is the highest common divisor of 16757 and 200752727?
1289
What is the greatest common divisor of 187 and 6654446?
17
Calculate the highest common divisor of 3840 and 326309120.
1280
What is the highest common divisor of 73 and 1821817711?
73
What is the highest common divisor of 19940 and 451940?
20
Calculate the highest common divisor of 631785 and 118965.
1155
Calculate the greatest common factor of 3499651027 and 449.
449
Calculate the highest common divisor of 25010 and 2856020.
610
Calculate the greatest common divisor of 2879 and 179974927.
2879
Calculate the highest common factor of 5350 and 49907582.
214
Calculate the highest common divisor of 11390 and 1321002.
34
What is the greatest common factor of 249626 and 22282?
26
What is the highest common factor of 97680 and 46992?
528
What is the highest common divisor of 980407942 and 38?
38
Calculate the highest common divisor of 6 and 15253650.
6
What is the greatest common divisor of 1905 and 7580757?
381
Calculate the greatest common divisor of 29646727 and 62843.
2167
Calculate the highest common factor of 6694304 and 144.
16
What is the greatest common divisor of 1768 and 171938?
442
What is the highest common divisor of 1914064997 and 247?
247
What is the greatest common divisor of 16110883 and 642?
107
Calculate the highest common factor of 297 and 2746971.
9
Calculate the highest common divisor of 18079 and 372488.
101
Calculate the highest common factor of 181681 and 859711.
97
Calculate the highest common factor of 5640 and 880968.
1128
What is the greatest common divisor of 8902318 and 1930?
386
Calculate the greatest common factor of 1244 and 1877507.
311
What is the highest common divisor of 13402595 and 15?
5
Calculate the greatest common factor of 1038 and 126682364.
346
Calculate the greatest common factor of 2660 and 2537594780.
2660
Calculate the greatest common divisor of 26343482 and 1628.
814
Calculate the highest common divisor of 8364 and 559150128.
8364
What is the highest common factor of 5640 and 31056895?
235
What is the greatest common factor of 25326 and 7973?
469
Calculate the highest common factor of 64 and 2845736.
8
Calculate the highest common factor of 8128 and 109982.
254
Calculate the highest common factor of 29949092 and 2504.
1252
Calculate the greatest common factor of 33848 and 154406114.
8462
Calculate the greatest common factor of 4125 and 450461.
11
Calculate the highest common factor of 2397024 and 5248.
1312
Calculate the greatest common divisor of 69522840 and 612.
36
Calculate the highest common divisor of 386132888 and 296.
296
What is the greatest common divisor of 112 and 114981580?
28
Calculate the highest common divisor of 13290 and 73200.
30
Calculate the highest common divisor of 644 and 9176839.
161
What is the greatest common divisor of 3518652 and 150?
6
What is the greatest common factor of 14688 and 40511?
17
What is the highest common divisor of 176869 and 677061?
77
What is the greatest common factor of 805455 and 102645?
45
Calculate the greatest common factor of 819 and 1996281.
63
What is the highest common factor of 62 and 882309321?
31
Calculate the greatest common factor of 2148917 and 46040.
1151
Calculate the highest common divisor of 25094538 and 530622.
12942
Calculate the greatest common factor of 396 and 44499312.
396
Calculate the greatest common factor of 468 and 2116404.
36
What is the highest common factor of 14466249 and 938?
7
What is the greatest common divisor of 10473563 and 508?
127
Calculate the greatest common divisor of 64896 and 624264.
24
Calculate the highest common factor of 194 and 806249062.
194
What is the greatest common divisor of 2131464 and 36?
12
What is the greatest common factor of 5867257 and 34371?
1273
Calculate the greatest common factor of 2293492 and 1291324.
1796
What is the greatest common divisor of 1587 and 596700891?
1587
Calculate the highest common divisor of 14081012 and 968.
484
What is the greatest common divisor of 509839 and 1067?
11
Calculate the highest common factor of 168 and 18836013.
21
Calculate the highest common divisor of 1512 and 1612638.
18
Calculate the highest common divisor of 754 and 43057373.
29
What is the highest common divisor of 1216206860 and 110?
110
Calculate the highest common factor of 43791 and 7565227.
1327
What is the greatest common divisor of 86114 and 273?
7
What is the greatest common divisor of 10739293 and 172?
43
What is the highest common divisor of 6419650 and 14?
2
What is the greatest common factor of 1890756 and 1107943?
2501
Calculate the greatest common divisor of 29788 and 11638.
22
What is the highest common factor of 6319 and 34719?
71
Calculate the highest common factor of 44144542 and 26.
26
Calculate the greatest common divisor of 80 and 30725230.
10
Calculate the greatest common divisor of 7022890 and 2447.
2447
Calculate the highest common factor of 1961222 and 17612.
1258
What is the highest common divisor of 5940 and 39081460?
220
What is the greatest common factor of 17520250 and 554?
554
What is the greatest common factor of 2659104 and 8032?
32
What is the highest common factor of 240312 and 1022295?
969
What is the highest common factor of 65512862 and 43962?
862
Calculate the highest common divisor of 2623 and 104481959.
2623
What is the greatest common divisor of 1278979 and 296?
37
Calculate the greatest common factor of 1064509 and 20491.
31
Calculate the greatest common factor of 486 and 109773.
9
What is the greatest common factor of 6777 and 2235657?
753
Calculate the highest common factor of 1043 and 119742.
7
What is the greatest common factor of 12730 and 315628?
38
What is the greatest common divisor of 14650 and 415050?
50
What is the highest common factor of 3477154 and 1175?
47
What is the greatest common divisor of 187 and 966383?
11
What is the greatest common factor of 50336 and 518560?
32
What is the greatest common factor of 207998 and 103418?
1162
What is the highest common divisor of 71630 and 6058?
26
Calculate the highest common divisor of 5649 and 456795087.
5649
What is the highest common factor of 10046 and 262?
2
What is the highest common factor of 213 and 110355?
3
Calculate the highest common factor of 535594 and 4.
2
Calculate the highest common divisor of 6742 and 4356.
2
What is the greatest common factor of 101585558 and 9846?
1094
Calculate the highest common factor of 3832 and 152344034.
958
What is the highest common factor of 2256888 and 768?
24
Calculate the greatest common factor of 42832 and 116784.
16
What is the greatest common factor of 3237569 and 9215?
97
What is the highest common factor of 1018864 and 3696?
1232
Calculate the highest common factor of 76195 and 12054.
49
Calculate the greatest common divisor of 207502 and 356128.
718
What is the highest common factor of 93390087 and 1148?
287
Calculate the highest common factor of 1251 and 960928128.
1251
Calculate the greatest common factor of 407349459 and 5886.
2943
What is the greatest common factor of 8871221 and 995?
199
Calculate the greatest common divisor of 85152 and 1614576.
48
What is the highest common divisor of 9321 and 1494945?
717
Calculate the highest common divisor of 161 and 663068.
7
What is the greatest common factor of 84 and 1823568?
12
Calculate the greatest common divisor of 370800 and 4248.
72
Calculate the greatest common divisor of 105512517 and 11583.
297
What is the greates